igit of j?
6
Suppose -5*z + 426 - 36 = 0. Suppose 26 = 4*d - z. What is the units digit of d?
6
Suppose 0 = -v + z + 5, -3*v - 4*z - 3 = -39. Suppose i - 6*i + 5*f = -60, -2*f = 3*i - 41. Let d = i - v. What is the units digit of d?
5
Let o(d) = -26*d - 5. Let k be o(-2). Suppose 0 = 2*r - 29 - k. Suppose -5*y + 4*y = -r. What is the tens digit of y?
3
Suppose 595*k - 598*k = -636. What is the tens digit of k?
1
Suppose -9*g + 2938 + 9995 = 0. What is the thousands digit of g?
1
Suppose 0 = -8*q + 12*q - 48. Suppose 3*f - 450 = -q*f. What is the units digit of f?
0
Let f(i) be the first derivative of i**3/3 - 7*i**2/2 - 8*i + 3. Let q be f(10). Let a = 52 - q. What is the units digit of a?
0
Suppose 0 = -5*f - 684 + 49. Let t = -45 - f. What is the tens digit of t?
8
Let i(c) = 5*c**3 + 12*c**2 + 5*c - 1 + 2*c + 4 - 4*c**3. What is the units digit of i(-11)?
7
Let y be (-4 + (-6)/(-2))*-1. Suppose -o = -y + 5. Let m(u) = -2*u + 3. What is the tens digit of m(o)?
1
Suppose 0*s + 18 = 2*s. Suppose -28 = 3*v - 4. Let g = s + v. What is the units digit of g?
1
Suppose 0 = -17*o + 22*o - 5100. What is the tens digit of ((-6)/(-5))/(9/o)?
3
Suppose -38 = 4*m + 18. Let i be m/(-21) + 8/6. Suppose -5*n = i*q - 147, q - 4*q = -3. What is the tens digit of n?
2
Let x(h) = -34*h**3 + 2*h**2 - h. Let a be x(-2). Suppose c - a = -5*c. What is the units digit of c?
7
Let o(n) = -n - 8. Let x be o(-12). Suppose 5*a - 147 = -x*k, -3*a + 23 = 3*k - 67. Suppose -a = -g - 5*b, 83 = 5*g - b - 0*b. What is the units digit of g?
7
Suppose 2*d - n - 5 = 0, -5*n = -3*n + 2. Suppose 3*q = -d*q - 15. Let k = 21 + q. What is the tens digit of k?
1
Suppose 2*l - 5 = -1, 16 = 3*r + 2*l. Suppose 0 = r*h - 287 - 301. What is the hundreds digit of h?
1
Suppose 107*m - 16303 = 100*m. What is the thousands digit of m?
2
Let t(f) = -5*f - 6. Let g be 2/(-7) + (-456)/(-28). Let b = g + -24. What is the units digit of t(b)?
4
Let n be (-4)/18 - 12896/(-117). Suppose -4*a = -166 - n. Suppose 15 = 4*b - a. What is the units digit of b?
1
Let w(f) = -f**3 + 8*f**2 + 5. Let d be w(8). Let p(v) be the third derivative of v**4/3 + 7*v**3/6 - 7*v**2. What is the tens digit of p(d)?
4
What is the units digit of (-32)/6*1440/(-12)?
0
Let b(g) = 49*g + 46. What is the units digit of b(4)?
2
Let i = 172 + -65. Let h = i - 71. What is the tens digit of h?
3
Let s = 21 + -12. Suppose 0 = 4*k - s*k. Suppose -3*y + 5*j + 58 = 0, -2*j - 20 = -y - k*j. What is the tens digit of y?
1
Suppose 0*g = -g + 12. What is the hundreds digit of 2 - ((-1586)/14 + g/42)?
1
Suppose -5*j = 5*a + 15, -5*j + 3 = -4*j - a. Suppose -4*d + 4*o + 76 + 44 = j, 2 = 2*o. What is the tens digit of d?
3
What is the tens digit of ((-43)/(-1))/(31/465)?
4
Let l(m) = 4*m**2 - 2*m - 4. Let p be l(3). Suppose 5*v - p - 1 = -4*x, 15 = 2*v + 3*x. What is the units digit of v?
3
Let h = -5066 + 9721. What is the tens digit of h?
5
Suppose 576 = 12*k - 2520. What is the hundreds digit of k?
2
Let o(z) = -2*z - 6. Let j be o(-5). Suppose -j*x = -3*l - 187, x - 3*l - 16 = 24. Suppose 2*y + 0*y + 3*d = x, -5*y = 5*d - 135. What is the units digit of y?
2
Let s = -3 + 3. Suppose k + 8 + 18 = s. Let q = k - -37. What is the units digit of q?
1
Let a be 12/10*(-10)/(-3). Suppose -5*q + 231 = -2*w, a*q - 165 = -7*w + 2*w. Suppose 11*s - q = 8*s. What is the tens digit of s?
1
Let z(n) be the second derivative of 2*n**3/3 - 6*n**2 + 9*n. What is the units digit of z(6)?
2
Suppose -6*i = 3*o - 10*i - 3674, -5*i - 6120 = -5*o. What is the thousands digit of o?
1
Suppose 5*y + 0 = -2*z - 14, -2*y - 17 = -3*z. Let p(b) = -4*b - 3. Let k be p(z). What is the units digit of k/25 + 363/5?
2
Let b = 5 - 3. Suppose b*h - 3*h = -10. Suppose -u - 5 = -h. What is the units digit of u?
5
Suppose 0 = 3*n + 3*c - 3648, -n - 2*n = -5*c - 3656. What is the thousands digit of n?
1
Let q be 0 + 3/(6/4). Let u(n) be the second derivative of 3*n**4/4 + n**3/3 - 15*n. What is the units digit of u(q)?
0
Let i = 270 - 56. Suppose -3*u + i = -0*t + 2*t, 3*u - 3*t = 204. What is the tens digit of u?
7
Let t(p) = -418*p**3 - p**2 - 6*p - 4. What is the thousands digit of t(-2)?
3
What is the units digit of 50695/(-50)*-2 - (-32)/(-40)?
7
Suppose 0 = 4*t - 57 - 215. What is the units digit of t + (-2)/(-1 - 1)?
9
Let u(y) = -12*y - 24. Suppose -31 = h - 5*d + 3, 0 = -3*h - d - 22. What is the tens digit of u(h)?
8
Suppose r - 5*t - 25 = 2*r, 2*r = -t - 5. What is the units digit of -48*(r + 4/12*-4)?
4
Let p = 2082 + 247. What is the units digit of p?
9
Let m(r) = -r**2 - 17*r - 16. Let t be m(-11). Let b(s) = s**3 - 9*s**2 - 3*s + 3. Let p be b(10). Let v = p - t. What is the tens digit of v?
2
Let y = 1 - -4. Let w be (16/20)/((-34)/(-10) - 3). Suppose 178 = 5*d - w*j, 4*j - 135 = -y*d + 19. What is the tens digit of d?
3
Suppose 2*t - 7648 = -2*t + 5*z, -z = -t + 1912. What is the tens digit of t?
1
Suppose -m = -4*l - 3*m + 34, -5*m + 4 = l. Let z = l + -10. What is the units digit of (4 - (-59 - z)) + -1?
1
Let g = -87 + 82. What is the units digit of 14*(0 + 9 + g)?
6
Let m = 31 + -25. Suppose -f - 75 = -m*f. What is the units digit of f?
5
Suppose -14028 = -28*m - 0*m. What is the hundreds digit of m?
5
Suppose -2*g = -3*g + 6. Let u = -17 - -10. Let y = g - u. What is the units digit of y?
3
Let m(x) = -x**3 + 10*x**2 - 4*x + 3. Let h = 10 + -8. Let n = h + 7. What is the units digit of m(n)?
8
Let l(p) = 4*p - 3. Let h be l(-2). Let n(j) = j**3 + 9*j**2 - 44*j + 2. What is the tens digit of n(h)?
4
Let x(v) = 13*v - 1. Let b(s) = s**2 - 8*s + 9. Let z be b(7). Suppose 3 + z = k. What is the tens digit of x(k)?
6
Let s = 15 + -11. Suppose 8 = 4*t + 3*g - 8*g, -2*t - 22 = s*g. What is the tens digit of 5*t*33/(-45)?
1
Suppose 304 + 569 = 3*y. What is the tens digit of y?
9
Suppose -145*w = -143*w - 340. What is the tens digit of w?
7
Let l(v) = 2*v**2 + 8*v - 15. Let a = 4 + 2. What is the hundreds digit of l(a)?
1
Let i be (-3)/4 + 15/(-12). What is the units digit of (50 - i) + -1 + -3?
8
Let c(q) = -12*q**2 + 20. Let i be c(-5). Let z = -121 - i. What is the tens digit of z?
5
Suppose 0 = 11*z - 6*z - 5. What is the units digit of (8 + -2)*z*(-187)/(-34)?
3
Suppose 0*t + 12 = 3*t. Suppose -8 + 0 = -t*g. Suppose -31 = -n + 2*x - 1, -g*n = -x - 51. What is the units digit of n?
4
Let z(b) = 51*b**2 + 35*b - 15. What is the hundreds digit of z(5)?
4
Suppose -2 - 18 = -5*l. Let b be 3/(l/(-8) + -1). Let s(a) = -a**3 + a**2. What is the units digit of s(b)?
2
Let h = 1351 - 1040. What is the units digit of h?
1
Let c = 1626 + -776. What is the hundreds digit of c?
8
Let x(m) = 2*m**3 - 7*m**2 + 2*m - 2. Suppose 4*p = -2*w + 2, -p - 13 = -3*w + 4. What is the tens digit of x(w)?
8
Let y(i) = 5*i - 2 + 8*i + 0*i + i**2. What is the tens digit of y(-14)?
1
Suppose -252 + 993 = m - 4*k, 3815 = 5*m + 2*k. What is the units digit of m?
1
Let s = 0 + -4. Let m be s*(-1)/((-1)/(-1)). Suppose -m*k - 2*z - z = -208, 0 = k + 3*z - 52. What is the tens digit of k?
5
Let c(a) be the first derivative of -2*a**2 + 1 - 3*a + 1/3*a**3. What is the units digit of c(5)?
2
Suppose -3*l + 2*l + 3*w = -150, 0 = -4*l - 4*w + 616. What is the tens digit of l?
5
Let c(y) = 2*y**2 + 4*y + 3. Let o be c(-2). Suppose 2 = -3*r + 3*f + 11, 2*f - 19 = -o*r. Suppose -r*d + 53 + 52 = 0. What is the tens digit of d?
2
Let i = 8 - 4. Let x(a) = a**3 + 2*a**2 - 4*a + 4. What is the units digit of x(i)?
4
Let b(s) = -11*s + 3. Let v(k) = k + 1. Let a be v(-4). What is the units digit of b(a)?
6
Let h(r) = -r**3 - r**2 - 6*r + 1. Let v be h(-2). What is the hundreds digit of 19*(v - (1 + 4 - 4))?
3
Suppose 0 = 4*c + h - 850, 2*h = 3*c + 2*c - 1056. Suppose -3*s - c = -5*a + 115, -67 = -a + s. What is the tens digit of a?
6
Let q(u) = u**3 + 4*u**2 - 6*u. Let b be q(-5). Let x be 8/10*b/2. Suppose -22 = -h + x*k - k, 0 = -5*h + 3*k + 118. What is the units digit of h?
6
Let q(n) = 41*n**2 - n - 48. What is the tens digit of q(-6)?
3
Suppose -21225 = -4*z - 5*j, 0*z + 5307 = z + j. What is the hundreds digit of (1/3)/(15/z)?
1
Let q(p) = p**2 + p. Let w(x) = 2*x**2 - 15*x - 27. Let z(v) = 3*q(v) - w(v). What is the tens digit of z(-17)?
1
Let y = 203 - 91. What is the tens digit of y?
1
Let f b